 = -75 - -130. What is the tens digit of s?
5
Let l be (3/2)/(4/(-8)). Let n(i) = i**3 + 2*i**2 - 3*i + 4. Let y be n(l). Suppose -c + y = 3. What is the units digit of c?
1
Let b = -5 + 6. Suppose -5*f - 59 = b. Let h = 21 + f. What is the units digit of h?
9
Let a = -35 + 146. What is the hundreds digit of a?
1
Let o(w) = w**3 + 12*w**2 + 18*w + 5. What is the tens digit of o(-9)?
8
Let q = 24 - 2. Suppose -4*k + 2*t + 30 = 0, 0*k - 5 = -3*k - 2*t. Suppose 0 = -0*b + b + k*i + q, 3*b - 24 = 3*i. What is the units digit of b?
3
Suppose -x - 4*t + 0*t = -77, -4*t = 3*x - 191. What is the units digit of x?
7
Suppose 20*g - 1032 = 17*g. What is the tens digit of g?
4
Let l = 42 - 5. What is the units digit of l?
7
Suppose -2*r + 0*f = f, -5*r + 3 = 4*f. What is the units digit of (2 - -1) + (2 - r)?
6
Let x(f) = -32*f. Let m be x(-1). Let h = 17 + -13. Suppose p = 3*z - h*p - m, 3*z - p - 28 = 0. What is the units digit of z?
9
Let u(i) = -i + 1. Let j be u(3). Let h be ((-1)/j)/(3/12). Suppose -h*p + 23 = -7. What is the tens digit of p?
1
What is the hundreds digit of ((-16)/4 + 10)/((-3)/(-86))?
1
Let v = -3 + 5. Suppose -k = -7 - v. Suppose 2*d - 5 = k. What is the units digit of d?
7
Suppose -i - 2*z + 72 = 0, 0*i - 2*i + 3*z = -116. What is the tens digit of i?
6
Let y(t) = -t**2 - 9*t - 11. What is the units digit of y(-5)?
9
Let s(u) = -2*u**2 - 4*u - 9*u**2 - u**3 - 4 + 3*u. What is the units digit of s(-11)?
7
What is the tens digit of 0 + 1354/10 + (-42)/(-70)?
3
Let w(f) = f**3 - 2*f**2 - 3*f + 3. What is the units digit of w(3)?
3
Suppose -r - 5 = -2, -12 = k + 5*r. Suppose 3*g = -5*v + 148, k*v + 3*g - 61 = 29. What is the units digit of v?
9
Let v be 0 + 6/(1 - 3). Let q(y) = -4 - y**3 - 3*y + 1 - 3*y**2 + 1. What is the units digit of q(v)?
7
Let y(r) = 2*r**3 - 3*r**2. Let w be y(2). Suppose 0 = -2*c, k - w*c = -2*k + 99. What is the tens digit of k?
3
Let a(r) = r + 7. What is the tens digit of a(9)?
1
Let d = -2 - -2. Let x = 1 + d. What is the units digit of x?
1
What is the units digit of -3 - (-12 - (-4 - -1))?
6
Let s(p) = p**3 + 10*p**2 + 8*p. Let q be s(-9). Suppose 4*o = 0, 6*o = 5*w + o - 30. Let j = q - w. What is the units digit of j?
3
Let t = 0 + 12. Suppose o = 5*l - 83, 4*o = -0*o - t. What is the units digit of l?
6
Let r be 1/(-2)*-8 + -2. Suppose 4*j - 2*j + 2 = 0, y - r*j = 18. What is the units digit of y?
6
Suppose 5*x - 3*g - 16 = 154, 0 = -3*x + 5*g + 118. What is the tens digit of x?
3
Let c(z) = -7*z**2 - 9 - 3*z - z**3 + 3*z**2 + 7. Let k be c(-5). Let r = -23 + k. What is the units digit of r?
5
Suppose 1863 - 123 = 15*m. What is the tens digit of m?
1
Let d(j) = -j**2 + 18*j - 7. What is the tens digit of d(16)?
2
Let r(p) = -p - 2. Let u be r(-2). Let o(s) = s**3 - s**2 - s + 5. Let l be o(u). Suppose l*z - 39 = 1. What is the units digit of z?
8
Let w(d) = d**3 + 14*d**2 - 19*d - 13. Let h be w(-15). Suppose -2*g + 3 + h = 0. What is the tens digit of g?
2
Let b(n) = -n**3 - 12*n**2 + 12*n - 4. Let m be b(-13). Suppose -4*s + m*s = 175. What is the units digit of s?
5
What is the units digit of 63/4 + (14/8)/7?
6
Let i(j) = 75*j**2 - j - 1. What is the tens digit of i(-1)?
7
Suppose 4*v = -3*h + 31, 2*h + v - 4 = 10. Suppose 27 = h*p - 78. What is the units digit of p?
1
Let w = -90 + 243. What is the tens digit of w?
5
Suppose v + 0 - 2 = 0. Suppose -2*m - 9 = -p + v, -2 = -p - m. What is the units digit of p?
5
Let u be ((-4)/(-5))/(18/(-45)). What is the units digit of -9*(u - (-3)/3)?
9
Suppose 9*s - 42 = 4*s + 3*q, 19 = 2*s + q. Let i(a) = -8*a + 2 + 0 + a**2 - 4. What is the units digit of i(s)?
7
Let g(i) = 2*i**2 - 3*i. Let s be g(2). Suppose 2*a - 2*p = s*p + 38, -5*p = -3*a + 57. What is the units digit of a?
9
Let p(o) = -4*o + 5. Suppose 72 - 12 = 4*k. Suppose -4*b - 1 - k = 0. What is the tens digit of p(b)?
2
Let y(w) = 9*w**3 - 3*w**2 + 3*w - 1. Let l be y(2). Let z = l + -38. Let m = z - 19. What is the units digit of m?
8
Let z(m) = -m**2 + 12*m + 8. Let t be z(12). Let g(n) = -n**3 + 9*n + 7*n**2 - 1 + 1. What is the units digit of g(t)?
8
Let c = -13 - -64. Suppose -4*k + 6*k = 5*m - c, -4*m - k = -33. What is the units digit of m?
9
Let p = -7 + 9. Suppose 0 = p*n + 3*n - 90. What is the units digit of n?
8
Suppose -4*a = -3*a - 3. Suppose -a*i - i - 32 = 0. Let n = i + 11. What is the units digit of n?
3
Let f = 1190 - 605. What is the units digit of 4/(-14) + f/63?
9
Suppose -3*f - 156 = -4*i - 604, -i = 1. What is the hundreds digit of f?
1
Let z(o) = -5*o - 10. Let m be z(-7). Suppose m = -5*f - 5*j, -4 = f - j + 3. Let p = f + 16. What is the tens digit of p?
1
Suppose 54 + 111 = 3*i. Suppose 2*x + 2*s - 31 = -3*s, -2*x = -3*s - i. What is the tens digit of x?
2
Suppose 5*k = -0*k + 10. Suppose k*z - 2 = 0, 2*z + 0 = 2*x - 14. What is the units digit of 2 + 0 + -2 + x?
8
Suppose 0 = -3*v + v + 66. Suppose 5*b + 28 = g, -2*g + v = -5*b - 8. What is the tens digit of g?
1
Let y = 2 + 2. Let w = -1 + y. What is the units digit of w?
3
Suppose -2*l + 10 = -n, -n + 4*n + 5*l + 8 = 0. Let r(u) = u**3 + 6*u**2 - 3*u - 4. What is the units digit of r(n)?
4
Let m = -4 + 2. Let z be 10/4 + m/(-4). Suppose 5*r = -5*p + 35, -7 = z*p - 1. What is the units digit of r?
9
Suppose 4*n - 2*n = 374. What is the tens digit of n?
8
Suppose -o + 3*g - 4*g = -9, -5*o + 3*g = -5. Suppose o*r - 20 = 8. Suppose p - 1 = r. What is the units digit of p?
8
Suppose 0*m + m = 2. Suppose 4*t = m*q + 30, -43 = -5*t + 5*q - 13. Suppose 5*g = -4*k + 24, 0 = g + 4*k + 1 - t. What is the units digit of g?
4
Suppose 222 = 2*k + 62. Suppose 0*i = 5*i - k. What is the tens digit of i?
1
Suppose 0 = -0*a + 2*a. Let n = 5 - a. Suppose 2*c = -0*v - v + 8, n*v - 31 = -c. What is the units digit of v?
6
What is the units digit of (-14)/7 + 3*41?
1
Suppose -5*u - 5 = 5. Suppose -15 = -3*t - 2*t. Let c = u + t. What is the units digit of c?
1
Let v = 80 - 14. What is the tens digit of v?
6
Let d(o) = 4*o**3 - 2*o**2 + 6*o - 1. What is the tens digit of d(2)?
3
Let z(w) = -2*w**2 - w - 1. Let f be z(-1). Let l(b) = -5*b - 5*b + 3*b + 1 + 2*b. What is the tens digit of l(f)?
1
Let z(n) = -13*n + 11. What is the hundreds digit of z(-10)?
1
Let f(t) = t**2 - t + 7. What is the tens digit of f(6)?
3
Let a(f) = 12*f**2 + 4*f - 2. What is the tens digit of a(3)?
1
What is the tens digit of (-4042)/(-20) + (-4)/40?
0
Let n = 6 + -7. What is the tens digit of (n + 2)/((-2)/(-20))?
1
What is the tens digit of 9/(45/250) - 4?
4
What is the tens digit of 8/12 - 115/(-3)?
3
Let t be (-1)/(-4 + 297/75). What is the tens digit of (260/t)/(4/10)?
2
Let i(j) = j**3 + 6*j**2 + 3. Let b be i(-6). Let q = 13 + b. What is the tens digit of q?
1
Let z(c) = -21*c - 45 + 45. Let u(y) = 43*y - 1. Let o(v) = 2*u(v) + 5*z(v). What is the tens digit of o(-1)?
1
Let a = 24 - -28. What is the units digit of a?
2
Let v(u) = -u**3 + 3*u + 2. Let c be v(-2). Suppose 0 = 3*s + z + 2*z - 60, c*s = 4*z + 88. What is the tens digit of s?
2
Suppose 62 = -6*a + 650. What is the tens digit of a?
9
Suppose 15 = 2*h + 59. Let w = 3 - 6. What is the units digit of -2 + w/(6/h)?
9
Let t(i) = i**2 + i + 2. What is the units digit of t(-1)?
2
Suppose -5*t = -4*y - 32, 2*t - 7 - 7 = 2*y. Let x be ((-2)/(-8) + 1)*t. Suppose 6 = x*f - 24. What is the units digit of f?
6
Let g(p) = 17*p + 5. Let b be g(5). Let y = b + -63. What is the tens digit of y?
2
Suppose 3*c = 9 + 24. Let s = -5 + c. Suppose z = -z + s. What is the units digit of z?
3
Let n(w) = 2*w**2 + 2 + 2*w + 19*w**3 - 1 - 3*w**3. Let h be n(-1). What is the units digit of (-10)/3*18/h?
4
Let a be (12/(-10))/((-4)/50). Let v = a - 8. What is the units digit of v?
7
Suppose -s = 3, -5*y - 6 = -5*s + 7*s. Suppose 2*q - 19 - 7 = y. What is the units digit of q?
3
Let h = -65 - -184. What is the hundreds digit of h?
1
Suppose 10*q - 40 = 5*q + 4*i, 4*i + 12 = -2*q. Suppose 3*b - q*d + 26 = -2*b, 14 = -b + 3*d. What is the units digit of (-2)/b - -1 - -8?
0
Let b = -17 - -11. Let p = b - -11. Suppose 0 = o + 2*d - p*d - 3, 0 = -5*o + 4*d + 26. What is the units digit of o?
6
Suppose -88 = -2*f + 54. What is the tens digit of f?
7
Suppose 0 = 5*p - 3*j - 305, -63 + 2 = -p + 5*j. What is the tens digit of p?